*q - 68*q + 1387984. List the prime factors of q.
2, 6673
Suppose 4*g = -5*y + 3*g - 154, -3*g - 132 = 4*y. Suppose -7*c - 23 = 19. What are the prime factors of c*((-199)/10 + y/(-75))?
3, 13
List the prime factors of 8 + (-50)/30*-18555.
3, 7, 491
Let u(c) = c + 13. Suppose 3*l - 7 = 2*w - 0*l, w - l + 4 = 0. Let m be u(w). Let k = m - -37. What are the prime factors of k?
3, 5
Suppose 5*u = 11*c - 10*c + 542, 2666 = -5*c + 3*u. What are the prime factors of c/(-35)*(6 - 12/(-3))?
2, 19
Let w(a) = 9382*a**2 + 15*a + 12. List the prime factors of w(-1).
83, 113
Let c be 282/42 + (-6)/(-21). Let p be -1 - -3 - (2 + c). List the prime factors of 3 - 2/(p/((-343)/(-2))).
2, 13
Suppose -7*g + 483 = -42. Let o = 65 + g. List the prime factors of o.
2, 5, 7
Let v = 5 - 3. Suppose -59 = v*n - 299. Suppose 2*w + 5*o = 5*w - 169, 4*o - n = -2*w. List the prime factors of w.
2, 29
Let w(f) = -193*f + 4610. Let p be w(23). Let s be ((-6)/(-2))/(0 - -1). List the prime factors of p - 6/((-9)/s).
173
Suppose 10*d = 9*d. Let h be (d + 1)*(-10 + 0). List the prime factors of (8/h)/((-14)/1645).
2, 47
Let r = 52 + -51. Suppose -5*u = 4*k - 41, -u + 0*k = -k - r. List the prime factors of 0 + 55/5 + u.
2
Let i = 552 + -272. Let c = 33 + i. What are the prime factors of c?
313
Suppose 3*n + 317 - 2945 = 0. Suppose -n = 253*l - 259*l. What are the prime factors of l?
2, 73
Let c(p) = -5*p - 14. Let a be c(-3). Let j(k) = -k**3 - 5*k + 4. Let b be j(a). List the prime factors of (3 + 64)/(-1 - 3/b).
2, 67
Suppose 3*p = 5*u + 5631 + 23831, 3*p - 29456 = -u. List the prime factors of p.
3, 1091
Suppose d + 3*d = 4*r - 8, 0 = 3*d + 3*r. Let h be 0 + 4/(d + 5). What are the prime factors of 362/7 - 26/(-91) - h?
3, 17
Let w = 89 - 93. Let k be (2/w)/((-2)/16). Suppose -k*q + 108 = a, -5*a + 504 = q - 112. What are the prime factors of a?
2, 31
Let t = -661 - -671. What are the prime factors of ((-12)/10)/(t/12900*-2)?
2, 3, 43
Let w(s) = -85*s + 107. Suppose 15*d + 107 = -148. List the prime factors of w(d).
2, 97
Let f = 78 - 83. Let r be 45/21 - f/(-35) - 31. What are the prime factors of (-4 - r)*(5 - 1)?
2, 5
Let x(d) = 2*d**3 + 19*d**2 + 12*d + 96. Let q be x(-11). Let c = -210 - q. List the prime factors of c.
3, 7
Let a(d) = 153*d**2 + 4*d + 23. Let w be a(-4). Suppose 0 = 11*t - 779 - w. List the prime factors of t.
2, 3, 7
Let a(t) be the first derivative of 11*t**4/24 - 4*t**3/3 + 5*t**2/2 - 3. Let l(g) be the second derivative of a(g). List the prime factors of l(8).
2, 5
Suppose -23*n = -21*n - 558. Let u = -2 + 2. Suppose -3*o = -u*o - n. List the prime factors of o.
3, 31
Let o(i) = -i + 7. Let v be o(-30). Suppose 0 = v*t - 26*t - 2222. List the prime factors of t.
2, 101
Suppose 261*u - 215*u - 813234 = 0. What are the prime factors of u?
3, 71, 83
Let h = 1056 + -42. What are the prime factors of h*(-2)/(-20)*(17 - 12)?
3, 13
Let b(x) = 2*x**3 - 132*x**2 + 366*x + 98. What are the prime factors of b(65)?
2, 3, 31, 83
Suppose -c - 3*q + 4*q + 36388 = 0, -q - 109172 = -3*c. What are the prime factors of c?
2, 4549
Let r(u) = -5*u - 3. Let n be r(-1). Suppose 3*m + y = -n*y - 552, -160 = m - 5*y. What are the prime factors of (m/70)/((-2)/28)?
2, 3
Let q be (36/18)/(3/3 - 0). List the prime factors of q*(-3 - 85/20)*-18.
3, 29
Let u(i) = -2*i + 20. Let b = -25 - -36. Let q be u(b). What are the prime factors of (4/q)/((-1)/61)?
2, 61
Suppose 0 = -56*g + 29*g + 47682. What are the prime factors of g?
2, 883
Let y(s) = 2211*s + 2567. List the prime factors of y(2).
29, 241
Suppose -3*q + 3*s = q - 1, -4*q - 3*s + 7 = 0. What are the prime factors of ((1 + q)/(-2))/((-1)/55)?
5, 11
List the prime factors of ((-1719)/15)/(12*17/(-36040)).
2, 53, 191
Let c = -1634 - -1636. Suppose 5*s - 160 = 140. Let r = s + c. What are the prime factors of r?
2, 31
Let m = -90 + 91. Suppose 118 = c - m. List the prime factors of 4 + 1 + -1 + c.
3, 41
Suppose -k - 19 = -4*z, 5*z = -0*k - 3*k + 28. Suppose -2*s - 3*w + 224 = 2*w, z*w = -4*s + 468. List the prime factors of (s + -4)*3/6.
59
Let c(m) = -8*m**2 - 7. Let u be c(-7). Let n = 835 + u. What are the prime factors of n?
2, 109
Let d = 4303 - -1733. List the prime factors of d.
2, 3, 503
Let i = -19364 - -35164. What are the prime factors of i?
2, 5, 79
Suppose -64*k + 1321 = -72*k + 13145. List the prime factors of k.
2, 739
Suppose 4*c - 284 = -4*q, 2*q + 3*c = -37 + 178. What are the prime factors of (-980)/(-6)*108/q?
5, 7
Suppose -3*d + 6*k = 3*k + 3822, -2*d + k - 2550 = 0. What are the prime factors of d/(-2) - (-3 - (-6)/(-2))?
2, 7, 23
Let b(l) be the third derivative of -l**6/120 + l**5/60 + l**4/12 + 48*l**3 - 6*l**2. Let h be b(0). Suppose 6*x = 14*x - h. List the prime factors of x.
2, 3
Suppose y = -3*c + 31068, 44*y - 40*y = -5*c + 51766. List the prime factors of c.
2, 5179
Let o be ((-7)/(14/(-52)))/1. Let r be (-6)/24 + o*5/8. Suppose 11*b - 15*b = -r. List the prime factors of b.
2
Let j(l) = -44*l - 5 + 23*l + 22*l. Let o be j(-12). What are the prime factors of -4 - 3*(o - -1)?
2, 11
Let v = 19 - 12. Suppose -v*n + 160 = n. List the prime factors of 952/9 + n/90.
2, 53
Let y(f) be the third derivative of f**4/12 + 4*f**3/3 - 57*f**2. Let n = -3 + 6. What are the prime factors of y(n)?
2, 7
Let o(a) = a**3 - 6*a**2 + 13. Let v be o(5). List the prime factors of (-93)/2*v/18.
31
Let n(c) = 2275*c - 130. What are the prime factors of n(4)?
2, 3, 5, 13, 23
Let b(r) = 873*r + 3287. List the prime factors of b(23).
2, 7, 1669
Let p(j) = -j**2 + 15*j - 22. Let b be p(13). Suppose 274 = 5*d - 2*r, -b*d + 116 = -5*r - 93. Suppose -6*u + 22 + d = 0. What are the prime factors of u?
13
Suppose -4*f + 102 = 30*f. Suppose 3*l + f*u = 6*l - 486, l - 5*u = 174. What are the prime factors of l?
3, 53
Let v = 76 + -74. Suppose -21 = v*i + 5*i. List the prime factors of -1*i*(516/9 + -1).
13
Let y(q) = -q**3 + 16*q**2 + 16*q + 13. Suppose 49 = 3*i - p, i - 64 = -3*i + 2*p. Let t be y(i). What are the prime factors of (t/(-6))/((-8)/(-2472)*1)?
2, 103
Suppose -16*r + 11*r + 190995 = 16*r. What are the prime factors of r?
5, 17, 107
Suppose 6128 - 226 = 13*t. Let d = 851 - t. What are the prime factors of d?
397
List the prime factors of -3*(-167030)/30 - 16.
11, 37, 41
Suppose -4*k - o = -35617, 2*o - 5754 - 20960 = -3*k. What are the prime factors of k?
2, 3, 7, 53
Suppose -4940629 = -214*j + 6694765. List the prime factors of j.
54371
Suppose m - 21 + 25 = 0, 10*x - 121940 = 5*m. What are the prime factors of x?
2, 3, 127
List the prime factors of -7 + 2 + 462398/41.
11273
Suppose -3*s + 42 = 2*f, -2*f + 5*s - 13 + 87 = 0. Let d = f - 30. List the prime factors of (-2)/d*66 + 4.
2, 3
Let g(o) = 2*o**3 - 4*o**2. Let d be 2*7/63 - 43/(-9). Suppose k + x = d, -4*x + 22 = k + 14. What are the prime factors of g(k)?
2
Let m = 7264 + -5097. Suppose 21*l - m = 5372. What are the prime factors of l?
359
Let h(i) = -18*i**2 + 31. Let b(g) = g**2. Let v(q) = 5*b(q) - h(q). Let p(t) be the first derivative of v(t). List the prime factors of p(1).
2, 23
Suppose 189*s - 8118 = 178*s. Let o = 1057 - s. What are the prime factors of o?
11, 29
Let c = -63 - -68. Suppose -2*i = j - 430, 0 = -c*j + 3*i + 1509 + 706. Suppose 0*z = -2*g - 3*z + 440, j = 2*g - z. What are the prime factors of g?
2, 5, 11
List the prime factors of ((-62166)/(-104))/((-1)/(-4)).
3, 797
Let m = -125 - -86. Let k = 57 + m. Suppose k*o = 7*o + 1782. List the prime factors of o.
2, 3
Let s be 24027/12 + 6 + (-175)/28. Suppose 8*n + 5*o = 4*n + 1994, 4*n - s = -o. What are the prime factors of n?
3, 167
Let s be 6 + -5 + (-13987 - 1)/(-2). Suppose -s + 2155 = -8*r. What are the prime factors of r?
5, 11
Let p(r) = 5*r**3 - 5*r**2 + r + 4. Let u be p(3). Let x be ((-44)/7 - (-12)/42) + 18. Let i = u - x. What are the prime factors of i?
5, 17
Suppose 0 = 2*m + 6, 10*m = -3*p + 6*m + 366. Let y = p - -200. List the prime factors of y.
2, 163
Suppose 367*d - 182*d - 176*d = 102717. What are the prime factors of d?
101, 113
Let o be 3/12 - 93/(-12). Suppose -4*j = 4*m + o, -4*m + 28 = -5*j - 0. Suppose -h + m*k - k + 75 = 0, 5*k - 201 = -3*h. List the prime factors of h.
2, 3
Suppose 336 = 5*t + 341. List the prime factors of (t/(-2 - -4))/((-26)/50856).
2